is divided by 10.
7
Let v be (-1)/(1 - 20/22). Let q = 18 + v. What is the remainder when q is divided by 3?
1
Calculate the remainder when 201 is divided by (-1 + 0/3)/(2/(-68)).
31
Let m(u) = 5*u + 14. What is the remainder when m(7) is divided by 26?
23
Let l = 209 + -148. Calculate the remainder when l is divided by (1/2)/1*42.
19
Let j(d) = -d**2 - d + 4. Let k be j(5). Suppose t = -0*t - 3*z - 12, -2*z = -2*t + 16. Calculate the remainder when t is divided by k/(-10) + (-8)/(-20).
0
Let u = 13 - 0. What is the remainder when 50 is divided by u?
11
Let i = 18 + -10. What is the remainder when 14 is divided by i?
6
Suppose 0*m + m + 266 = -4*t, 0 = 3*t - 4*m + 190. Let f = t - -97. Calculate the remainder when f is divided by 17.
14
Let a = 70 + -20. Suppose 14 = -4*l + a. What is the remainder when 24 is divided by l?
6
Suppose -2*h + h + 28 = 0. Calculate the remainder when 26 is divided by (h/(-6))/((-4)/12).
12
Suppose 5*f - 238 = 567. Suppose g - 4*w - 56 = -g, 0 = 5*g - 3*w - f. What is the remainder when g is divided by 12?
10
What is the remainder when 17 is divided by 0 - 2 - 44/(-4)?
8
Let f(h) = -h - 25. Let k(a) = 2*a + 49. Let s(n) = -7*f(n) - 3*k(n). Let r be (216/28)/(-3)*14/3. What is the remainder when 30 is divided by s(r)?
14
Calculate the remainder when 144/2 - (-2 + 4) is divided by 18.
16
Suppose 3*c = 80 + 178. What is the remainder when c is divided by 22?
20
Let a(u) = u + 6. What is the remainder when 28 is divided by a(4)?
8
Suppose 3*x + 205 = 2*j, 3*j - 2*x = x + 309. Let i = -52 + j. Let w = 24 + -6. What is the remainder when i is divided by w?
16
Let b = 66 - 33. What is the remainder when 65 is divided by b?
32
Suppose 3*c - 4*d = 5*c - 48, 5*d = -15. What is the remainder when 117 is divided by c?
27
Let v(r) = r**3 + 3*r**2 + 4. Let y be v(-3). Suppose 9 = c + 5*o, y*c - 4*o - 16 = -c. Suppose -14 = -c*k + 54. Calculate the remainder when k is divided by 9.
8
Suppose 6 = -2*s - 4*r, -3*s = -9*r + 5*r - 11. Suppose i = 5, 4*i - s - 7 = 2*p. Calculate the remainder when p is divided by 4.
2
Let c be 94/(-8) - (-1)/(-4). Let u = 0 - c. Suppose -14 = n - 37. What is the remainder when n is divided by u?
11
Suppose 2*o = l - 7, -l - 5*o = -10 - 4. Calculate the remainder when 14 is divided by l.
5
Suppose 12 = -f - 5*t + 77, 4*t - 220 = -5*f. Suppose 0 = -h - 8*h + 189. Calculate the remainder when f is divided by h.
19
Let f be (-6)/9*(-3 + 0). Let s be -2 - (3/3 - f). Calculate the remainder when 23 is divided by 1 + s + 2 + 6.
7
Suppose 4*s - 24 = -0. Calculate the remainder when 17 is divided by s.
5
Let l = 8 - 10. Let o(h) = -8*h - 1. Let c = -138 + 197. Calculate the remainder when c is divided by o(l).
14
Let w = 152 - 133. What is the remainder when 75 is divided by w?
18
Let v = -6 + -37. Let y(c) = 72*c - 1. Let o be y(1). Let f = o + v. What is the remainder when f is divided by 10?
8
Suppose 0 = -3*p - 1 - 2. Let s = p + 19. Suppose -4*w - s = -70. What is the remainder when 23 is divided by w?
10
Let f be 9/(-6) + (-117)/(-6). Let k = 0 + f. Let b = k + -4. What is the remainder when 27 is divided by b?
13
Suppose -3*i - v = -15 - 58, -i + 3*v = -41. Suppose -d = d - i. What is the remainder when 48 is divided by d?
9
Let x be 84/36 + (-1)/3. Suppose 5*y + l = 446, -y + x*y - 74 = -4*l. Calculate the remainder when y is divided by 23.
21
Suppose -1 = -u - 4, -99 = -3*w + 2*u. What is the remainder when 123 is divided by w?
30
Suppose -8*m + 12*m = 8. Let y = -16 + 23. Suppose -9 = -4*z + y. What is the remainder when z is divided by m?
0
Let b(y) = -y + 1 + 2*y**3 + 0*y**3 - y**3 + y**2. Let w be b(-2). What is the remainder when 11 is divided by (3 - 1) + w + 3?
3
Suppose 0 = -d + 5*b + 29, 4*b + 13 + 21 = 2*d. Let u(c) = c**2 + d*c - 10 - 4*c**2 + 2*c**2. Calculate the remainder when u(7) is divided by 3.
1
Let v(z) = -z. Let j be v(5). Suppose -y - 1 = 6. Let h = j - y. Calculate the remainder when 2 is divided by h.
0
Let i(t) = -t**2 + 2. Suppose -r + 4 = -0*r - 2*n, 4*n = -4*r - 8. Let b be i(r). Suppose -6*l + 64 = -b*l. Calculate the remainder when l is divided by 9.
7
Let c = -10 - -12. Suppose -c*z + 11 + 11 = 0. Calculate the remainder when 41 is divided by z.
8
Suppose 0 = -d - 4*r + 11, 37 = d - 3*r + 5. Calculate the remainder when 43 is divided by d.
20
Suppose -a = -w + a + 25, 0 = -2*a - 4. Calculate the remainder when 60 is divided by w.
18
Suppose 0 = p - 2 - 1. Suppose 19 = -5*d - u + 2*u, -5*u = p*d + 17. Let f = d - -12. Calculate the remainder when 22 is divided by f.
6
Suppose 4*g = 10 + 2. Suppose 0 = -2*s - g*s + 50. What is the remainder when s is divided by 3?
1
Let w = 73 + -27. What is the remainder when w is divided by 12?
10
Suppose 155 - 164 = -x. Calculate the remainder when 29 is divided by x.
2
Let i = -56 + 75. Calculate the remainder when i is divided by (-32)/(-6) - 4/12.
4
Let j = 240 + -129. What is the remainder when j is divided by 19?
16
Suppose -2*f - 4 = 2*y - 36, 5*y = -4*f + 68. What is the remainder when 90*(2 - 6/4) is divided by f?
9
Let d(w) = 2*w - 2. Let t be -2*2*(-10)/4. Let u = t + -7. Calculate the remainder when 7 is divided by d(u).
3
Let z = 0 - -3. Suppose -z*s = -0*s. Suppose 2*p - 4*p + 64 = -2*h, -p - 4*h + 57 = s. Calculate the remainder when p is divided by 13.
11
Let h = 32 + 28. Let l be (0 - 43/(-2))*2. Let o = h - l. What is the remainder when o is divided by 6?
5
Let r = 11 - 8. Suppose -6*g + 3*g = 2*v + r, 5*v - 4*g = 27. Calculate the remainder when (v + 1)*30/8 is divided by 8.
7
What is the remainder when 85 is divided by 96*(-8)/(-18) - 8/(-6)?
41
Suppose 0 = -2*a - 4 + 2, f + 3*a - 44 = 0. Let p = -82 - -98. What is the remainder when f is divided by p?
15
Suppose 2*u + 4*m = 66, -2*u + 3*m + 2*m = -75. Let f(q) = q**2 + 5*q - 11. Let i be f(-7). Let y = u + i. What is the remainder when y is divided by 20?
18
Let q(f) = -16*f - 35. What is the remainder when q(-16) is divided by 32?
29
Let w = 61 - 41. Let b = w + 21. What is the remainder when b is divided by (-2 - -16) + (1 - 1)?
13
Suppose 17 = 5*q - 38. Let h(j) = j**3 + 2*j**2. Let c be h(-2). Suppose -21 = -x - c*x. Calculate the remainder when x is divided by q.
10
Let k(l) = -l + 10. Let t be k(10). Suppose 6*c - 2*c - 12 = t. What is the remainder when 4 is divided by c?
1
Suppose d + 1 = 8. Let r = -12 + 15. What is the remainder when d is divided by r?
1
Suppose 3*a - 52 - 65 = 0. What is the remainder when a is divided by (2/(-3))/(1/(-15))?
9
Let y(o) = o**3 + 10*o**2 + 20*o - 4. Calculate the remainder when 36 is divided by y(-6).
16
Let q(z) = -z + 14. What is the remainder when 21 is divided by q(8)?
3
Let t(u) = 3*u**2 + 5*u - 3. What is the remainder when t(3) is divided by 21?
18
Let x = 4 + 3. What is the remainder when 34 is divided by x?
6
Let a(x) = 4*x + 1 - 4*x - 3*x + x**2 + 6*x. What is the remainder when 31 is divided by a(-5)?
9
Let i(f) = 5*f + 4. Calculate the remainder when i(8) is divided by -3*39/(-9) - 4.
8
Let p = 114 + -92. Let j(y) be the second derivative of y**4/4 + y**3/6 - y**2 + y. What is the remainder when p is divided by j(-2)?
6
Let q = 13 - 10. Suppose 4*p + 2*y - 194 = 0, 0*p = q*p + 2*y - 145. Calculate the remainder when p is divided by 17.
15
Let k(m) = -3*m - 5. Calculate the remainder when 51 is divided by k(-6).
12
Suppose -6*k + 32 = -22. Calculate the remainder when 14 is divided by k.
5
Let p = -20 - -36. Let a = 62 + -2. Calculate the remainder when a is divided by p.
12
Calculate the remainder when 17 is divided by 51/9 + -5 - (-16)/3.
5
Let o(u) = -u**2 - 7*u + 1. Let p = 26 + -15. Let k = 8 + p. What is the remainder when k is divided by o(-6)?
5
Let g(u) = -u**3 + 7*u**2 + u - 1. Let w(s) = s**2 + s - 1. Let t(m) = g(m) - 3*w(m). Suppose -3*l = -35 - 4. What is the remainder when l is divided by t(3)?
3
Let k(c) = -7*c - 1. Let p(g) = g**2 + 2*g - 6. Let m(r) = r**2 + 7*r - 6. Let b be m(-7). Calculate the remainder when k(-5) is divided by p(b).
16
Let m(d) = 11*d - 11. Calculate the remainder when m(3) is divided by 13.
9
Let y(c) = 3*c - 2*c**2 + 0*c + 4*c**2 - 6*c**2 - 2 + 2*c**3. Let w be y(2). What is the remainder when ((-28)/(-6))/(w/12) is divided by 4?
2
Let y(n) = -n**3 - 2*n + 4. Calculate